 + 2)?
-116
What is the value of 3 + (2 + -6 + (-62 - -71) - 4) + 21?
25
What is (17 - -1 - 22) + (0 - (2 + 4))?
-10
What is the value of (-2 - -24) + -10 - (-43 - (6 - 2))?
59
Calculate 29 + (2 - (-11 - 3)) + -1.
44
Calculate 0 + 5 + (23 - (-4 + 25)).
7
-12 + (65 - 117 - -9 - (-19 - 2))
-34
What is the value of -22 - (11 - 3 - (141 + -118))?
-7
What is (3 - ((-11 - -33) + -24)) + -45?
-40
-4 - -3 - -79 - (-15 + -16 + 24 - -7)
78
Evaluate (16 - -14) + -33 + (17 - 0) - 43.
-29
What is the value of (-24 - (-3 + 3 + 12 + -20 - -10)) + -3?
-29
What is the value of (80 - 63) + -17 + 21?
21
Calculate -3 - -12 - (40 + -109).
78
Evaluate 9 - (13 - (-145 + 268)).
119
What is the value of -1 + -9 + (108 - 106) + (-1 - -11) - -2?
4
Evaluate (194 - (426 + -221)) + (73 - 1).
61
Calculate 12 + (9 + 0 + -10 + 13 + -10 - -1).
15
Evaluate -139 + -51 + 8 + 119.
-63
What is the value of -2 - -34 - (577 - 543) - 16?
-18
2 + (-5 - 2) - (-47 + 48 + (-29 - 1))
24
What is the value of 29 - (9 + -46) - 17 - -29?
78
Evaluate 145 + (40 + -42 + 8 - -7 - (23 + -2)).
137
What is 0 + (-71 - -14) - 6?
-63
What is the value of (-88 - -152) + -41 + -47?
-24
Evaluate (-501 - -555) + (12 - (4 - (2 + 1))).
65
What is the value of -36 - (-54 + 9 - -10 - -28)?
-29
Calculate 43 + 1 - (4482 + -4470) - 5.
27
-54 - (-17 - (18 + -21) - (-2 + -2 + -5))
-49
What is the value of 52 - (-6 + (9 - (-9 + 8 + -2) - 6))?
52
Calculate -1 - (-2 + 2) - (-38 - -49) - 10.
-22
Calculate -63 - 6 - 24 - -156.
63
What is 144 - 46 - 41 - (6 + -33)?
84
71 + -109 - (5 - 16 - (0 - -6 - 8))
-29
Calculate 4 + (7 - -34 - -32 - -21).
98
Calculate -7180 + 7162 + -1 + (23 - 2).
2
What is 51 - 101 - -120 - 30?
40
Calculate 3 - -1 - (-28 - -17 - (-1 + -8) - -11).
-5
What is the value of (-1 + 18 - 43) + 6 + 37 - -27?
44
What is -4 - (1 - 1) - (10055 - 10036)?
-23
23 - (-17 + 24 + -23 + 9 + 144)
-114
Evaluate 2884 + -2809 - (-5 - -119).
-39
What is 8 + 2 - (-240 - (20 - 199))?
71
-2 - -7 - (1 - (-17 + -10))
-23
Calculate (3 + -12 - (-44 + 42)) + -49 + 0 + -1.
-57
Calculate (-3314 - -3404) + -1 + -83.
6
What is (-24 - (10 + -8)) + (5 - (-6 + -1)) + -5?
-19
Evaluate 48 + 37 - 72 - (-17 + 0).
30
What is 18 - (-26 + 43 + -32 + -2 + 12)?
23
-63 + 13 + -50 + 73
-27
Calculate -9 - (-71 + 17 - (-10 - (20 + -9))).
24
Evaluate (2 - (2 + 16)) + (-4694 - -4704).
-6
(-377 - -396) + (27 - -10)
56
What is 1 + 0 + 1 + -10 + (76 - (-4 - -17))?
55
Evaluate (1 - 33) + 83 + -46.
5
Calculate -44 + (-5 - (-1 + -27 + 14 + 4)).
-39
What is the value of -1 + 0 - -6 - (1656 - 1660) - (-4 - -3)?
10
Evaluate 2 + -1 + (-7 - -11 - (38 + 2)).
-35
What is (3 - 10 - (-183 - -106)) + -24?
46
What is the value of (2 - 5 - -1) + 58 + -70 + 25 + -8?
3
What is -111 + 117 - (0 + 28 + -1)?
-21
What is the value of -17 - 1 - (219 - 226) - -23?
12
Evaluate (3 - 5) + (32 + -20 - -79).
89
Calculate -39 + -32 + -105 + 113.
-63
Evaluate (-262 + 250 - (-30 - 0)) + -64.
-46
Evaluate -20 + 36 + -9 - (0 + -4 - -54 - 5).
-38
Calculate -4 + (-13 - -7) + (30 + 8 - -9).
37
What is 21 + (-19 - ((-12 - -7) + -2))?
9
What is the value of (-22 - -34) + (-11 - (1 - 3))?
3
Calculate (-15 + 16 + 6 - -1) + -100 + (4 - -8).
-80
Calculate -23 - -2 - (35 + 0 - 45).
-11
Evaluate 123 + -108 + (83 + -5 - 5).
88
What is -9 - ((-7 + -2 - -1) + -125) - (-17 + 15)?
126
21 + (-93 - -25) - -18
-29
Evaluate (22 + -47 - (5 + (-6 - -14))) + -14.
-52
Calculate 76 - (-17 + 134) - -11.
-30
What is the value of 82 - ((369 - 361) + (1 - -11))?
62
12 - ((-1 - -16) + -31 + (-3 - 8))
39
What is the value of 9 - (-5 + 8 - -7) - (25 - 3)?
-23
What is 47 + (-32 - 16) + (1 - 5 - -5)?
0
20 - (5 + (26 - 21) + -4)
14
Evaluate 30 - 1 - (-330 - -335) - -21.
45
What is the value of (19 - (-18 + (26 - (17 - 23)))) + -76?
-71
What is the value of -88 - ((-5 - -6) + -1 + -3 + -3 + 8)?
-90
Evaluate 12 - (-38 - 26 - (-5 - -7 - 7 - 4)).
67
Evaluate -2 + 1 + 3 + -1 + (-57 + 2 - -45).
-9
Evaluate 56 + -36 - (35 + -8).
-7
What is the value of (-62 - 13) + -357 + 375?
-57
What is (0 - 4) + (-26 - -33) - (56 - -3)?
-56
Evaluate (-7 - -8) + -67 + 112.
46
What is the value of (-11 - -1) + 5 - (-93 + 18 + 9 + -13)?
74
Calculate 10 + 2 + (-11 - -7 - (0 - -47)).
-39
What is (14 - 1) + 27 + -24 + -101 + 184?
99
Calculate 1 - 72 - (2221 + -2321).
29
2 + 0 + -7 + -2 + (148 - (-15 - -112))
44
Calculate -220 + 217 + -4 + 81.
74
What is the value of 0 + (11 - 18) + (-27 - -43)?
9
Evaluate 40 + 0 - (-180 - -234).
-14
What is -96 - -102 - 62 - (-15 - 2)?
-39
Evaluate -19 - -3 - 15 - (-5 + 7 + 7).
-40
Evaluate -6 - (-82 + 35 + 41).
0
-373 + 303 + -1 + 44
-27
Evaluate 12 - (3 + (-8 - 3) - (-143 - -220)).
97
Evaluate -43 - (244 + -130 - 199).
42
Evaluate (-54 - -110) + -87 + 30.
-1
What is -28 + -119 + 211 - 142?
-78
What is the value of -45 - (-37 + 48) - -78?
22
Evaluate -53 + (-92 - -135) + (-2 - (31 + 0)) + 12.
-31
What is 5360 + -5484 - (2 + -3 - -4 - -2)?
-129
What is the value of (-108 - -79 - (44 + -3)) + -9?
-79
47 + (-3 - -8 - -3) + -8 - (4 - 1)
44
What is the value of -5 - (14 + 15 - 58)?
24
What is 49 + -24 + -8 + 3?
20
Calculate -6 - (-1 + -13 - (-23 + (6 - -31))) - 1.
21
What is (-7 - (-3 + -4) - -14 - 26) + -8?
-20
What is 63 + 37 + -128 + 115?
87
What is the value of 125 + -7 + -22 + -16 - -40?
120
3 + -1 + 7 + 40 + (12 - 43)
18
What is the value of -46 - (-6 - (-7 + 6) - 17)?
-24
(4 + -33 + 24 - -17) + 8
20
(-51 + 116 - 27) + (0 - -20) + -4
54
-1 + 52 + (6 - 7) + 27 + -59 + 22
40
What is -4 + (-6 - (-14 - -11) - -2 - -8 - 25)?
-22
73 - (-99 + 106) - 57
9
What is the value of 17 + 8 + -4 + -16 + -50?
-45
Calculate -7 - (4 + -8) - ((-11 - -23) + -32).
17
Evaluate (-43 - 3) + -608 + 689 - 136.
-101
Calculate (40 - (26 - 1)) + -37.
-22
What is the value of (-2 - 38 - -51) + -24?
-13
What is the value of 88 + -89 - (1 + 5 + 4 + 4)?
-15
What is the value of (9 + -6 - (-30 + 31)) + (94 - 1)?
95
(2775 - 2805) + (-6 - 51)
-87
What is (12 - (52 - 57)) + -2?
15
Calculate -69 - (35 + (-32 - -6)) - (-4 + 3).
-77
What is the value of (3 - (-30 + 30)) + 43 + -28?
18
What is the value of (-1 + 21 - -5) + -27 + (-72 - 1)?
-75
1 + -16 + 20 + -11 + 18 + -12
0
-2 + (0 - (0 + -2) - 10) + 46 + -118
-82
Evaluate (1 - -48) + 1941 + -2037.
-47
What is 59 - (-106 + 68 + 5)?
92
16 + 1 + (0 - 4) + -42 + 49
20
Evaluate 9 - (43 - 2 - 48).
16
Evaluate 76 + -4 + (11 - (29 - 5)) - 5.
54
What is the value of -35 + 0 + 5 + (14 - 11) + 2?
-25
Evaluate (89 - -18 - -25) + -41 + 15.
106
What is ((-250 - -215) + (9 - -1) - 5) + -1?
-31
What is the value of (-13 - 37) + (-107 - -141)?
-16
6 - ((-17 - -12) + 14) - (-2 + 45 + 0)
-46
What is (-400 - -408) + (-20 - 1) + 82?
69
11 - (-72 - (-12 + 30 + -8) - (6 - 14))
85
Evaluate 3 + 15 - (-586 + 580).
24
Calculate 1 - (-1741 + 1779 - (-1 + -16)).
-54
What is the value of 3 + (-19 - (-10 - 5)) + 16?
15
Calculate -3 - 6 - (-17 - -53 - 32).
-13
Calculate 44 + (6 - 4) + 10 + 23 + -36.
43
(-10 - 1) + 24 + (17 - 159) + 26
-103
What is 4 + 1 + (-38 - (0 + -3)) + (-1760 - -1782)?
-8
Evaluate -1 + 243 - (25659 + -25509).
92
What is the value of (0 - -2) + 30 + -1 - (-88 - -81)?
38
Evaluate (2 - 6 - 0) + 25 - (-4049 + 4158).
-88
What is the value of -48 - -49 - (1 + 0 + -4) - 29?
-25
Calculate -8 + 11 - (-20 + (5 - -8) + 5 + -7).
12
Evaluate 0 + (-50 - -75) + -66.
-41
What is the value of 102 + (64 - (-81 + 257))?
-10
Calculate -25 - (55 - 58 - 36).
14
What is the value of (3 - 8) + -5 + 1 - (9 + (35 - 19))?
-34
(-13 - (16 - 12)) + 12 + 1 + 47
43
Evaluate 0 + -39 + (-10 - (-10 + 5 + -3)).
-41
Evaluate -36 + 52 - (-7 - (-78 + 6)).
-49
What is (-176 - (37 + -216)) + (-1 - -43)?
45
55 + -55 + -5 - (-27 + -2)
24
Evaluate -8 + -68 + (-21 - -114).
17
Evaluate 25 - -86 - (55 - 3).
59
What is -39 + 13 - -47 - (-3 - -16)?
8
What is 25 - (-58 + (20 - -7))?
56
What is 39 + (-9 - (3 - -48))?
-21
What is 127 + -137 - (1 + -5 - (-23 - (7 + -11)))?
-25
What is 32 + (-7 - (10 + -21)) + -46?
-10
What is 33 + 8 + (-37 - (-2 + -51))?
57
Calculate (-4 - 10) + 15 - (4 - -1 - 25).
21
Evaluate -132 - (-229 + 67) - 165.
-135
Calculate -67 - -85 - (12 - -1) - (0 - -8).
-3
-3 + 2 + -9 - (-83 + -2 - (-68 - -53))
60
-16 - -48 - -17 - (-67 - -95)
21
Calculate -6443 + 6453 - (-2 - (1 - 21)).
-8
What is the value of 54 + -44 + -23 + 16 - ((3 - 7) + -